967 a prime number?
False
Is 570749 a composite number?
True
Is 2521 prime?
True
Is 286883 composite?
True
Is 266911 a prime number?
False
Is 137827 a composite number?
False
Is 467 composite?
False
Is 21821 prime?
True
Is 48634 a prime number?
False
Is 53231 composite?
False
Is 5045 composite?
True
Is 511691 composite?
False
Is 436519 a prime number?
False
Is 1561837 a prime number?
False
Is 37 prime?
True
Is 1537 a prime number?
False
Is 1109987 composite?
False
Is 15551 composite?
False
Is 446069 a prime number?
False
Is 1949627 prime?
True
Is 12407 a prime number?
False
Is 22613 a prime number?
True
Is 4799 prime?
True
Is 2629 prime?
False
Is 3191 a prime number?
True
Is 364373 prime?
True
Is 6121 prime?
True
Is 332159 composite?
False
Is 22381 a prime number?
True
Is 75913 a prime number?
True
Is 1213 composite?
False
Is 91193 composite?
False
Is 875363 composite?
False
Is 86027 a prime number?
True
Is 6602 a composite number?
True
Is 1678 a prime number?
False
Is 733 composite?
False
Is 186593 composite?
True
Is 674099 a prime number?
True
Is 549817 a composite number?
False
Is 137983 a composite number?
False
Is 31953 composite?
True
Is 30398 composite?
True
Is 1016339 prime?
True
Is 9505 prime?
False
Is 4383929 composite?
True
Is 196421 prime?
False
Is 2153 prime?
True
Is 17657 a prime number?
True
Is 9649 prime?
True
Is 21467 prime?
True
Is 4577 a prime number?
False
Is 8501 composite?
False
Is 728981 a prime number?
False
Is 27533 a composite number?
True
Is 179519 a composite number?
False
Is 7339 a prime number?
False
Is 9151 a prime number?
True
Is 16823 a composite number?
False
Is 629567 prime?
True
Is 5755 a composite number?
True
Is 3251 a prime number?
True
Is 45403 a prime number?
True
Is 942847 a prime number?
True
Is 246733 composite?
True
Is 312982 a composite number?
True
Is 178271 a prime number?
False
Is 8511 a composite number?
True
Is 155 prime?
False
Is 3719 a prime number?
True
Is 512483 a composite number?
True
Is 5303 prime?
True
Is 118102 prime?
False
Is 1091 a composite number?
False
Is 12827 a prime number?
False
Is 9601 composite?
False
Is 739217 a prime number?
True
Is 47093 prime?
True
Is 23935 prime?
False
Is 1128181 composite?
False
Is 1127861 prime?
False
Is 11103 prime?
False
Is 683679 composite?
True
Is 8803 composite?
False
Is 6079 a prime number?
True
Is 277331 a composite number?
False
Is 646651 prime?
False
Is 310357 a prime number?
True
Is 1823 a composite number?
False
Is 4701 composite?
True
Is 3545 a composite number?
True
Is 3328034 a prime number?
False
Is 112619 a prime number?
False
Is 25427 prime?
False
Is 582547 prime?
False
Is 895127 a prime number?
True
Is 253931 composite?
True
Is 18329 a composite number?
False
Is 144623 prime?
False
Is 3134 composite?
True
Is 5893 prime?
False
Is 2747643 composite?
True
Is 26083 a composite number?
False
Is 12381 prime?
False
Is 221105 a composite number?
True
Is 42242 a composite number?
True
Is 76889 a composite number?
True
Is 6589 a prime number?
False
Is 202903 composite?
True
Is 233 a prime number?
True
Is 1817 prime?
False
Is 2453 a prime number?
False
Is 9411 a composite number?
True
Is 24733 a composite number?
False
Is 73193 a prime number?
False
Is 9599 composite?
True
Is 673763 a prime number?
False
Is 103187 a prime number?
False
Is 31531 a composite number?
False
Is 31643 composite?
False
Is 197641 composite?
False
Is 473 composite?
True
Is 99483 a prime number?
False
Is 57023 composite?
True
Is 336619 a composite number?
True
Is 10753 a composite number?
False
Is 63377 prime?
True
Is 133337 a composite number?
False
Is 135143 a composite number?
True
Is 676811 composite?
True
Is 6767 a prime number?
False
Is 1262 prime?
False
Is 23093 a prime number?
False
Is 374597 prime?
False
Is 7273 composite?
True
Is 24281 composite?
False
Is 15959 a prime number?
True
Is 508589 composite?
True
Is 64445 a prime number?
False
Is 1861 a prime number?
True
Is 20101 prime?
True
Is 59951 a prime number?
True
Is 28363 a composite number?
True
Is 5671 composite?
True
Is 133621 prime?
False
Is 194 composite?
True
Is 17623 a composite number?
False
Is 15073 a composite number?
False
Is 242587 prime?
False
Is 218017 composite?
True
Is 6743 prime?
False
Is 58447 a prime number?
False
Is 76273 prime?
False
Is 1259 a composite number?
False
Is 11777 prime?
True
Is 2927 prime?
True
Is 85039 prime?
False
Is 67029 a prime number?
False
Is 581377 a composite number?
False
Is 1152493 a composite number?
False
Is 176074 composite?
True
Is 15421 composite?
True
Is 242981 composite?
True
Is 33107 a composite number?
False
Is 21313 a composite number?
False
Is 11369 composite?
False
Is 15149 a composite number?
False
Is 937331 composite?
False
Is 2993 composite?
True
Is 71966 composite?
True
Is 91193 a composite number?
False
Is 12149 a composite number?
False
Is 28463 a composite number?
False
Is 1531 composite?
False
Is 15641 a prime number?
True
Is 841147 composite?
False
Is 15427 a composite number?
False
Is 162467 a composite number?
True
Is 12157 a prime number?
True
Is 302981 composite?
True
Is 212057 composite?
False
Is 36035 prime?
False
Is 1222219 prime?
True
Is 1721 a prime number?
True
Is 614041 composite?
False
Is 25717 composite?
False
Is 512611 a composite number?
True
Is 182411 a composite number?
True
Is 38501 a composite number?
False
Is 104699 a prime number?
False
Is 140813 a composite number?
False
Is 414983 a prime number?
False
Is 88741 prime?
True
Is 6159 a composite number?
True
Is 2735 a composite number?
True
Is 12091 prime?
False
Is 481373 a prime number?
True
Is 9167 a composite number?
True
Is 14171 composite?
True
Is 9897 a prime number?
False
Is 11239 a composite number?
False
Is 1043969 a prime number?
True
Is 4357 a prime number?
True
Is 7817 prime?
True
Is 4643 a prime number?
True
Is 2865557 composite?
False
Is 204047 a prime number?
True
Is 1824451 a prime number?
True
Is 2391 a prime number?
False
Is 15931 composite?
True
Is 15843 composite?
True
Is 715727 composite?
False
Is 541 a prime number?
True
Is 11251 a prime number?
True
Is 152089 prime?
False
Is 2583437 a composite number?
False
Is 355081 a prime number?
False
Is 28697 a prime number?
True
Is 695 composite?
True
Is 15991 composite?
False
Is 7903 a prime number?
False
Is 1202 composite?
True
Is 2452459 prime?
True
Is 11657 prime?
True
Is 160453 a composite number?
False
Is 88607 composite?
False
Is 260441 a composite number?
False
Is 40249 prime?
False
Is 6899 a prime number?
True
Is 11197 prime?
True
Is 25793 composite?
False
Is 5951 composite?
True
Is 1531 composite?
False
Is 260713 a prime number?
True
Is 45817 composite?
False
Is 33227 a composite number?
True
Is 137179 a composite number?
True
Is 132155 a composite number?
True
Is 5965 a composite number?
True
Is 20827 prime?
False
Is 1285 composite?
True
Is 79657 prime?
True
Is 413809 a prime number?
False
Is 2611 a composite number?
True
Is 1227769 prime?
True
Is 13121 a prime number?
True
Is 162805 composite?
True
Is 5311 a composite number?
True
Is 1894969 composite?
False
Is 6440861 a prime number?
False
Is 1218637 prime?
False
Is 11309 a composite number?
True
Is 676649 prime?
True
Is 42215 a composite number?
True
Is 10211 prime?
True
Is 235217 prime?
False
Is 789779 composite?
True
Is 37291 prime?
False
Is 68743 prime?
True
Is 613 a composite number?
False
Is 44866 prime?
False
Is 130673 a prime number?
False
Is 1337 a prime number?
False
Is 6229 a prime number?
True
Is 10207 a composite number?
True
Is 8278 a composite number?
True
Is 4022 a prime number?
False
Is 567031 prime?
True
Is 327283 a prime number?
False
Is 1066469 a prime number?
False
Is 1544239 a prime number?
False
Is 366137 a prime number?
False
Is 1042658 composite?
True
Is 21169 a composite number?
False
Is 827581 composite?
False
Is 3979 a prime number?
False
Is 23227 composite?
False
Is 3158 a composite number?
True
Is 4121 a composite number?
True
Is 13913 a prime number?
True
Is 20785 a composite number?
True
Is 318443 prime?
True
Is 3681787 prime?
True
Is 158861 a prime number?
False
Is 32729 composite?
True
Is 326973 a prime number?
False
Is 30829 a composite number?
False
Is 5141 prime?
False
Is 78661 composite?
True
Is 91281 a co